7?
False
Is 200023 a multiple of 91?
False
Is 1152370 a multiple of 60?
False
Is 57 a factor of 247290?
False
Is 91008 a multiple of 30?
False
Does 13 divide 162240?
True
Is 18 a factor of 1782198?
True
Is 83946 a multiple of 21?
False
Is 745 a factor of 9708095?
True
Is 447 a factor of 712071?
True
Does 41 divide 280030?
True
Does 37 divide 1136862?
True
Does 133 divide 3036500?
False
Is 6744 a multiple of 7?
False
Is 82 a factor of 129888?
True
Is 13492 a multiple of 17?
False
Does 17 divide 1840488?
True
Is 12 a factor of 2786515?
False
Is 2652368 a multiple of 194?
True
Is 16 a factor of 656127?
False
Is 3 a factor of 169033?
False
Is 41082 a multiple of 167?
True
Is 350620 a multiple of 10?
True
Is 4154614 a multiple of 435?
False
Does 9 divide 30942?
True
Is 469897 a multiple of 15?
False
Is 17 a factor of 334696?
True
Does 13 divide 1432379?
True
Is 212911 a multiple of 230?
False
Does 24 divide 6452160?
True
Is 437 a factor of 2575678?
True
Is 412891 even?
False
Is 6 a factor of 1250478?
True
Does 125 divide 50125?
True
Is 253368 a multiple of 8?
True
Does 8 divide 2049188?
False
Does 37 divide 1831084?
False
Is 13 a factor of 122397?
False
Does 47 divide 1239839?
False
Does 752 divide 1025728?
True
Is 404981 even?
False
Is 25 a factor of 261726?
False
Does 4 divide 373804?
True
Is 321 a factor of 1443858?
True
Does 279 divide 2230128?
False
Is 264 a factor of 414216?
True
Is 20 a factor of 366360?
True
Is 8 a factor of 69384?
True
Is 2 a factor of 131704?
True
Is 2008598 a multiple of 170?
False
Is 47 a factor of 695227?
False
Does 25 divide 2840137?
False
Is 164 a factor of 2739128?
True
Does 14 divide 669186?
True
Is 505074 a multiple of 15?
False
Is 134725 a multiple of 25?
True
Is 4 a factor of 1123282?
False
Is 10148731 a multiple of 29?
False
Is 34 a factor of 211820?
True
Is 336 a factor of 346217?
False
Is 363808 a multiple of 21?
False
Does 4 divide 67096?
True
Is 575 a factor of 2870975?
True
Is 5 a factor of 87780?
True
Is 177 a factor of 68853?
True
Is 222 a factor of 3518520?
False
Is 6 a factor of 3575046?
True
Does 83 divide 83966?
False
Is 780120 a multiple of 90?
True
Is 8 a factor of 328712?
True
Does 85 divide 136534?
False
Is 2 a factor of 17930?
True
Does 66 divide 2554662?
True
Does 26 divide 244270?
True
Is 2038094 a multiple of 65?
False
Is 124 a factor of 48509?
False
Is 27 a factor of 637875?
True
Is 14 a factor of 269447?
False
Is 12 a factor of 123040?
False
Is 1143 a multiple of 23?
False
Does 4 divide 87620?
True
Is 102 a factor of 2011950?
True
Does 985 divide 2629950?
True
Is 26 a factor of 115419?
False
Is 2 a factor of 230196?
True
Is 172379 a multiple of 111?
False
Does 47 divide 119549?
False
Is 1086568 a multiple of 10?
False
Is 381 a factor of 467106?
True
Is 316489 a multiple of 163?
False
Is 10212668 a multiple of 22?
False
Does 6 divide 30703?
False
Does 34 divide 178194?
True
Does 20 divide 14357560?
True
Does 59 divide 830248?
True
Is 46926 a multiple of 66?
True
Does 448 divide 357703?
False
Is 1761906 a multiple of 370?
False
Does 308 divide 1009008?
True
Is 29 a factor of 1384172?
False
Is 84194 a multiple of 14?
False
Is 155931 a multiple of 314?
False
Does 134 divide 99692?
False
Is 1245931 a multiple of 2477?
True
Does 142 divide 337683?
False
Is 101568 a multiple of 64?
True
Is 233279 a multiple of 115?
False
Is 599441 a multiple of 93?
False
Is 70 a factor of 350528?
False
Does 20 divide 1977475?
False
Is 21 a factor of 3338730?
False
Is 12686896 a multiple of 545?
False
Is 15 a factor of 4546020?
True
Does 609 divide 14576415?
True
Is 432771 a multiple of 28?
False
Is 289033 a multiple of 57?
False
Does 45 divide 2525642?
False
Does 346 divide 1850062?
True
Is 36967 even?
False
Is 3244104 a multiple of 36?
True
Does 44 divide 6665208?
True
Is 22 a factor of 8470?
True
Does 368 divide 1608528?
True
Does 672 divide 4722437?
False
Is 1034 a factor of 13241274?
False
Does 77 divide 343189?
True
Does 35 divide 16660?
True
Is 272 a factor of 660568?
False
Is 8 a factor of 1726368?
True
Is 12 a factor of 1333862?
False
Is 43 a factor of 17808708?
True
Is 26 a factor of 522581?
False
Is 18725610 a multiple of 24?
False
Does 12 divide 318980?
False
Is 177100 a multiple of 28?
True
Is 78 a factor of 163800?
True
Does 115 divide 154303?
False
Is 568321 a multiple of 85?
False
Is 18 a factor of 8139978?
True
Does 5 divide 257085?
True
Is 378 a factor of 7577388?
True
Does 5 divide 12675?
True
Does 85 divide 41225?
True
Does 501 divide 547200?
False
Is 880428 a multiple of 4?
True
Is 814576 a multiple of 98?
True
Is 17 a factor of 108628?
False
Is 146 a factor of 10319661?
False
Is 5587 a multiple of 369?
False
Is 21568073 a multiple of 18?
False
Does 41 divide 4070586?
False
Is 70280 a multiple of 58?
False
Is 21 a factor of 2303364?
True
Is 56 a factor of 636552?
True
Is 16020 a multiple of 60?
True
Is 8 a factor of 17683633?
False
Is 234030 a multiple of 29?
True
Does 15 divide 529249?
False
Does 12 divide 2945504?
False
Does 364 divide 92268?
False
Is 3330330 a multiple of 31?
True
Is 13 a factor of 5153590?
True
Does 39 divide 155320?
False
Does 18 divide 26964?
True
Does 15 divide 294150?
True
Is 6 a factor of 426673?
False
Is 794478 a multiple of 17?
True
Is 590 a factor of 5385243?
False
Is 2101920 a multiple of 906?
True
Does 60 divide 7095336?
False
Does 11 divide 812509?
False
Does 39 divide 77472?
False
Is 10 a factor of 12878?
False
Is 20 a factor of 312380?
True
Is 4604628 a multiple of 12?
True
Is 20009 a multiple of 11?
True
Is 47140 a multiple of 5?
True
Is 383614 a multiple of 154?
True
Does 263 divide 26826?
True
Does 193 divide 2928196?
True
Is 115841 a multiple of 2?
False
Does 7 divide 79044?
True
Does 12 divide 8840?
False
Is 6269133 a multiple of 1131?
True
Does 461 divide 188256?
False
Is 124 a factor of 171244?
True
Does 172 divide 739155?
False
Is 1054920 a multiple of 590?
True
Is 250 a factor of 674628?
False
Does 63 divide 2134099?
False
Is 858661 a multiple of 329?
False
Is 9112445 a multiple of 3?
False
Does 107 divide 189711?
True
Does 118 divide 136054?
True
Does 374 divide 2734977?
False
Does 426 divide 400440?
True
Is 87 a factor of 115887?
False
Does 217 divide 348664?
False
Does 771 divide 3476587?
False
Does 13 divide 1253625?
False
Is 63 a factor of 1557823?
False
Is 1571635 a multiple of 5?
True
Is 314 a factor of 6164364?
False
Does 12 divide 86196?
True
Is 1177982 a multiple of 48?
False
Is 18 a factor of 4484?
False
Is 9820710 a multiple of 577?
False
Does 18 divide 79902?
True
Is 517374 a multiple of 11?
True
Does 449 divide 11154246?
False
Is 54 a factor of 2477736?
True
Is 19 a factor of 11701416?
True
Does 105 divide 397215?
True
Is 38 a factor of 283366?
True
Is 102 a factor of 514182?
True
Does 9 divide 18251?
False
Is 10 a factor of 430619?
False
Does 331 divide 4093019?
False
Does 179 divide 726382?
True
Is 2389536 a multiple of 15?
False
Does 13 divide 748352?
False
Is 3645221 a multiple of 1209?
False
Does 100 divide 768800?
True
Does 282 divide 79521?
False
Is 1976 a factor of 2017354?
False
Is 275 a factor of 1023997?
False
Is 147427 a multiple of 94?
False
Does 9 divide 152832?
False
Is 3016158 a multiple of 7?
False
Is 36 a factor of 10800?
True
Does 349 divide 4385534?
True
Does 34 divide 126752?
True
Does 65 divide 197600?
True
Does 6 divide 861272?
False
Does 55 divide 264900?
False
Is 772244 a multiple of 15?
False
Is 41586 a multiple of 239?
True
Is 111280 a multiple of 80?
True
Does 22 divide 124740?
True
Is 22 a factor of 44408?
False
Is 1314181 a multiple of 6?
False
Is 237371 a multiple of 16?
False
Is 970608 a multiple of 8?
True
Does 14 divide 6594?
True
Does 11 divide 172675?
False
Does 1203 divide 4204485?
True
Does 163 divide 348494?
True
Is 5 a factor of 83245?
True
Does 16 divide 15280?
True
Is 2061747 a multiple of 57?
True
Is 116 a factor of 1060779?
False
Does 53 divide 359679?
False
Does 662 divide 8427922?
True
Does 28 divide 11276?
False
Does 16 divide 60176?
True
Does 106 divide 121370?
True
Is 576265 a multiple of 51?
False
Is 5 a factor of 1266555?
True
Is 3009667 a multiple of 206?
False
Does 929 divide 10829353?
True
Is 48 a factor of 2019813?
False
Is 1207958 even?
True
Is 98640 a multiple of 6?
True
Is 34 